{"id":22,"date":"2017-10-09T14:35:27","date_gmt":"2017-10-09T12:35:27","guid":{"rendered":"http:\/\/multidistri.com\/?page_id=22"},"modified":"2024-04-16T12:50:38","modified_gmt":"2024-04-16T10:50:38","slug":"a-propos-de-nous","status":"publish","type":"page","link":"https:\/\/multidistri.com\/index.php\/a-propos-de-nous\/","title":{"rendered":"A propos de nous"},"content":{"rendered":"<p>La soci\u00e9t\u00e9 Multidistri assure la distribution en gros et au d\u00e9tail de produits sp\u00e9cialis\u00e9s pour les camping-caristes, les campeurs, les caravaniers et les baroudeurs. Ces produits r\u00e9pondent aussi aux besoins des p\u00eacheurs, des chasseurs, des randonneurs et des vacanciers en g\u00e9n\u00e9ral.<\/p>\n<p>Nos produits sont disponibles aupr\u00e8s de d\u00e9taillants sp\u00e9cialis\u00e9s ainsi que dans les places de march\u00e9s sur internet. Les d\u00e9taillants int\u00e9ress\u00e9s par la vente de nos produits peuvent nous contacter pour plus d&rsquo;informations et recevoir un devis.<\/p>\n<p>Nous proposons aussi la vente directe aux particuliers. Soit sur rendez-vous en venant sur place, soit \u00e0 distance avec le catalogue de vente par correspondance qui est \u00e0 t\u00e9l\u00e9charger sur le site.<\/p>\n<p>Nos coordonn\u00e9es pour nous contacter : par courriel \u00e0 <a href=\"mailto:contact@multidistri.com\"><strong>contact@multidistri.com<\/strong><\/a> et par t\u00e9l\u00e9phone au <strong>09 53 80 88 93<\/strong><\/p>\n","protected":false},"excerpt":{"rendered":"<p>La soci\u00e9t\u00e9 Multidistri assure la distribution en gros et au d\u00e9tail de produits sp\u00e9cialis\u00e9s pour les camping-caristes, les campeurs, les caravaniers et les baroudeurs. Ces produits r\u00e9pondent aussi aux besoins&hellip; <\/p>\n","protected":false},"author":1,"featured_media":0,"parent":0,"menu_order":0,"comment_status":"closed","ping_status":"closed","template":"","meta":[],"_links":{"self":[{"href":"https:\/\/multidistri.com\/index.php\/wp-json\/wp\/v2\/pages\/22"}],"collection":[{"href":"https:\/\/multidistri.com\/index.php\/wp-json\/wp\/v2\/pages"}],"about":[{"href":"https:\/\/multidistri.com\/index.php\/wp-json\/wp\/v2\/types\/page"}],"author":[{"embeddable":true,"href":"https:\/\/multidistri.com\/index.php\/wp-json\/wp\/v2\/users\/1"}],"replies":[{"embeddable":true,"href":"https:\/\/multidistri.com\/index.php\/wp-json\/wp\/v2\/comments?post=22"}],"version-history":[{"count":2,"href":"https:\/\/multidistri.com\/index.php\/wp-json\/wp\/v2\/pages\/22\/revisions"}],"predecessor-version":[{"id":457,"href":"https:\/\/multidistri.com\/index.php\/wp-json\/wp\/v2\/pages\/22\/revisions\/457"}],"wp:attachment":[{"href":"https:\/\/multidistri.com\/index.php\/wp-json\/wp\/v2\/media?parent=22"}],"curies":[{"name":"wp","href":"https:\/\/api.w.org\/{rel}","templated":true}]}}